 What is the units digit of i?
8
Let q(g) = g**2 - 7*g - 1. What is the tens digit of q(9)?
1
Suppose 0 = 3*q - 3 - 6. Let b(i) = 2*i + 4. What is the units digit of b(q)?
0
Suppose 0 = 3*g + 2*n - 62, n + 9 + 10 = g. What is the tens digit of g?
2
Let i(d) = -10 - d - d - 3*d + d. What is the units digit of i(-5)?
0
Suppose 3*o + 5*w + 17 = 0, w = o + 3*o - 8. Let u be 1 + o + (-3 - -5). Suppose 2*m + 2*r = 18, 2*m + 21 = u*m + 3*r. What is the units digit of m?
6
Suppose -6 = -a - 2*a. Let o be -1 + (6 - (a - 2)). Suppose -3*n = -o*n - 5*z - 6, -4*n = -2*z - 12. What is the units digit of n?
2
Let k(z) = -4*z - 8. What is the units digit of k(-5)?
2
Let f be 6/(-3*(-1)/10). Let t = -9 + f. What is the tens digit of t?
1
Let v = -148 + 208. What is the tens digit of v?
6
Let k(x) = -5*x + 10. Let q(l) = -l. Let m be q(-11). Let t(h) = -h + 2. Let a(v) = m*t(v) - 2*k(v). What is the units digit of a(-5)?
7
Let l be (-10)/25 - 46/10. Let s = l - -9. Suppose -s*o = o - 10. What is the units digit of o?
2
Let m = -5 + -3. Let d be ((-6)/(-4))/(10/(-20)). What is the units digit of 10/m*12/d?
5
Let y = 34 + -15. What is the tens digit of y?
1
Suppose -177 - 431 = 2*r. What is the tens digit of (-12)/(-66) - r/22?
1
Let r = 11 + 3. What is the units digit of r/8 + 1/4?
2
Let w = 128 - 68. What is the units digit of w?
0
Let n = 1 - -2. What is the units digit of n?
3
Let c = 119 - 81. What is the tens digit of ((-66)/(-5))/(c/95)?
3
Suppose 25 = 3*t - 5*x, 0 - 5 = -2*t + x. Let v be (4 + (1 - 2))/1. Suppose t*y = -v*y + 30. What is the units digit of y?
0
Suppose -n - 29 = -5*i, -3*n = 4*i + 2*n - 29. Suppose -i*v + 2*v = -80. Let q = 28 - v. What is the units digit of q?
8
Suppose -5*j = -1 - 9, -5*g + 2*j + 61 = 0. What is the tens digit of g?
1
Let f(p) be the third derivative of p**5/60 - 7*p**4/24 - p**3 + 3*p**2. What is the units digit of f(9)?
2
Suppose -2*p = -5 + 1. Suppose -2*d = p*d - 44. What is the units digit of d?
1
What is the units digit of (5 + (-3 - -1))*50/3?
0
Let o = 71 + -51. What is the tens digit of 1/(-4) + 245/o?
1
Suppose 4*k + 8*j - 459 = 3*j, -2*j = -5*k + 582. What is the units digit of k?
6
Let r be (-4)/3*(-12)/8. Suppose 15 = 5*k + 5*h, 2*k = -r*k - 2*h + 10. What is the units digit of k?
2
Let y be (14/4)/((-6)/(-12)). Suppose -2*i - 97 = 3*r - y, -4*r + 5*i - 143 = 0. Let n = 49 + r. What is the units digit of n?
7
Let g(y) = 5*y + 5. Let p be g(5). Let x = 26 + p. What is the tens digit of x?
5
Let u = 11 - 9. Let p = u + 7. What is the units digit of p?
9
Let x be (-26)/(-5)*(-5)/(-2). Let g = 30 - x. What is the tens digit of g?
1
Suppose 7*c + 198 = g + 4*c, 0 = 4*g - 2*c - 832. Suppose 0 = -14*y + 9*y + g. What is the units digit of y?
2
Let g = 33 - 16. What is the units digit of g?
7
Let l(x) = -x**3 + 6*x**2 + 5*x + 10. Let m be l(7). What is the units digit of (m/(-5))/((-2)/(-35))?
4
Let y = -5 - -6. What is the units digit of (0 - 10)*(y - 3)?
0
Let p = 150 - 105. What is the tens digit of p?
4
Let j(s) = s**3 - 7*s**2 + 10*s + 6. Let l be j(5). Let f(v) = 9*v - 11. What is the tens digit of f(l)?
4
Suppose 1 = 7*d - 111. What is the tens digit of d?
1
Suppose 3*z + 0*t = -5*t + 474, -5*z + 774 = 3*t. What is the tens digit of z?
5
Let n be (6/(-15))/1*-55. Let h = 1 + n. Suppose 4*r - h - 9 = 0. What is the units digit of r?
8
Let y be -2 - (-10)/2 - -57. Suppose -9*r = -4*r - y. What is the units digit of r?
2
What is the units digit of 5/(-25) - 166/(-5)?
3
Let i = -100 + 141. What is the tens digit of i?
4
Suppose 3*w - z = -w + 47, 5*w - 5*z - 40 = 0. What is the tens digit of w?
1
Suppose d = -a + 120, -360 = -d - 2*d - 4*a. What is the tens digit of d?
2
Let j(w) be the first derivative of w**5/60 - w**4/8 + 2*w**3/3 - w**2 + 2. Let u(d) be the second derivative of j(d). What is the units digit of u(3)?
4
Suppose -5 = -l - 1. Suppose 12 = 2*v - l. What is the units digit of v?
8
Suppose 0 = -s + 2*v + 127, -4*s + 6*s + v = 249. What is the units digit of s?
5
Let w(c) be the second derivative of c**4/12 + 2*c**3/3 - 4*c**2 - 2*c. Let l = -5 - 1. What is the units digit of w(l)?
4
Let c = -17 + 39. Suppose -10 = 4*w + r + 9, -2*r = 4*w + c. Let x = 10 + w. What is the units digit of x?
6
Suppose 2*j = 6*j + 924. What is the units digit of j/14*4/(-3)?
2
Suppose 0 = -3*f + 5*f - 5*y - 24, y = -f + 5. Suppose -5*p - 22 = -f*p. What is the units digit of p?
1
Let c(n) = n**2 - n - 1. Let q be c(-1). Let v be (-2)/(-2)*q + -2. Let k(u) = 7*u**2. What is the units digit of k(v)?
7
Let y = -64 + 40. Let f = y + 41. What is the tens digit of f?
1
Let a(h) be the second derivative of -2*h + 3/2*h**2 + 1/12*h**4 + 5/6*h**3 + 0. What is the units digit of a(-6)?
9
Suppose 0 = l - 0 - 1. Let m(c) = 7*c**3 + 1. What is the units digit of m(l)?
8
Let c = 31 - -6. Let s = c + -22. What is the units digit of s?
5
Let d = 47 - 30. What is the units digit of d?
7
Let f be (6 + -5)/((-1)/(-2)). Suppose 69 = m - 4*z, -4*m + 8*m - f*z - 234 = 0. Suppose -5*h + 5*y = -65, 5*h - m + 22 = -5*y. What is the tens digit of h?
1
Let s = 1 + 0. What is the units digit of (s - 1) + (-15)/(-3)?
5
Let u(n) = -5*n + 13. Let t be u(15). Let q = t + 92. What is the units digit of q?
0
Suppose -3*q + 5 + 13 = 0. Suppose 0*t - t = -g + q, -24 = -3*g + t. What is the units digit of (-34)/(-6) + (-6)/g?
5
Let y(g) = -g**3 - 6*g**2 - 2*g + 3. Let m be 27/(-6) - 6/4. What is the units digit of y(m)?
5
Suppose -4*k = 2*g + 32, 2*g - 1 = -2*g + 5*k. Let o(q) = q**3 + 6*q**2 - 4*q - 9. What is the units digit of o(g)?
5
Let b(k) = -2*k - 5. Let x be b(-4). What is the units digit of x - (-6 - -3 - 3)?
9
Suppose 2*a + 4*i - 2 = -26, 0 = -3*i - 12. Let o be 1 + a + (-7)/(-1). Suppose 4*k + p + o*p - 42 = 0, -4*k + 28 = -2*p. What is the units digit of k?
8
Let w = 6 - 3. Let k(a) = -a**2 + 3*a + 1. What is the units digit of k(w)?
1
Let z(t) = t**3 + 6*t**2 + t + 13. What is the units digit of z(-6)?
7
Let m(d) = d**3 + 9*d**2 - 13*d + 8. What is the hundreds digit of m(-8)?
1
Suppose 2 = -0*f + f. Let b(u) = -u**3 + 9*u**2 - 9*u + 10. Let t be b(8). Suppose t = f*k - k. What is the units digit of k?
2
Suppose -u + 0*w = 4*w + 9, 0 = 2*u - 5*w - 21. Let r = 8 + 8. Suppose u*f = -f + r. What is the units digit of f?
4
What is the units digit of 15/(-10) + (-31)/(-2)?
4
Let c = 33 - 12. What is the units digit of 98/c - 2/3?
4
What is the units digit of 12/15 - (-264)/20?
4
Let n = 24 - 17. Suppose -2*p + n = -17. What is the tens digit of p?
1
Let i be (-3)/(-4) - 1704/(-32). Let d = i + -23. What is the tens digit of d?
3
What is the hundreds digit of ((-93)/(-2))/(1/4)?
1
Suppose -4*f + 3*f = -2. Let s(r) = -3 - 4*r + 6*r + 2*r. What is the units digit of s(f)?
5
Let r(s) = -5*s - 4. What is the units digit of r(-2)?
6
Suppose 3*r + 2*y = 25, -r + 4*y = 6*y - 15. Let x = r + 7. What is the units digit of x?
2
Let g be 2 + (2 - 4)/(-2). Let o = 32 + -31. Suppose -4*w = -g*w - o. What is the units digit of w?
1
Let j(k) = -54*k - 1. What is the tens digit of j(-1)?
5
Let z be -1 - 1/((-1)/3). Suppose -4 = -z*c + 2. What is the units digit of c?
3
Let h = -1 - -4. Suppose 0 = 2*u - 1 + h. Let x(s) = -16*s - 1. What is the units digit of x(u)?
5
Suppose 0*n + 5*n - 10 = 5*f, 5*n - 20 = -5*f. Suppose 0 = -4*y + 20 + 52. Suppose -y = -n*s + 9. What is the units digit of s?
9
Let h(n) = n**2 - n + 8. Suppose -24 = -4*p + 10*p. What is the tens digit of h(p)?
2
Suppose 17 = -0*s + s - 3*y, -2*s = 5*y + 10. Suppose -3*z + s*x = -z - 63, 4*z - 4*x = 132. What is the units digit of z?
4
Suppose -11*l + 1036 = -801. What is the units digit of l?
7
Let k(u) = u**2 - 4*u - 2. Let a be k(7). Suppose -3*z = -61 + a. What is the units digit of z?
4
Let a(s) = 17*s**3 + s**2 - s. Let x be a(1). Suppose 3*o - 7 = x. What is the units digit of o?
8
Let z = 528 + -289. What is the tens digit of z?
3
Let c(j) = -20*j. Let s = -23 + 22. What is the tens digit of c(s)?
2
Let v(n) = 5*n**2 - n + 1. Let y be v(1). Suppose 44 = -y*f + 3*p, 0 = 4*f - 9*f - 3*p - 56. Let o = f + 20. What is the units digit of o?
0
Let z = 85 - 128. Let t = z + 65. What is the units digit of t?
2
Let w = 2 - 0. Let y(k) = 9*k - 2. Let s be y(w). Suppose -3*i + s = -i. What is the